(a)?
15
Suppose 4*j - 18 + 2 = 0. Suppose -2*s - 4*d = -3*s + 20, d = j*s - 20. Suppose -15 = -m - 5*h + 2, -m - s*h = -13. Let c(v) = v + 2. What is c(m)?
-1
Let w(u) be the first derivative of u**3 - 11*u**2/2 - 12*u - 235. Give w(5).
8
Let o(r) be the third derivative of -r**4/8 + r**3/2 - 12*r**2 - 5. Suppose 24*j + 102 = 30. Calculate o(j).
12
Let x = 190 + -189. Let h(t) be the first derivative of 5*t**4/4 + t**3/3 - t**2/2 - 7. Give h(x).
5
Let w be 22/(1320/90)*(15 + 0 + 3). Let i(d) = 5*d - 167. Give i(w).
-32
Let p(k) = 5 - 73*k**2 - 49*k**2 + 30*k + 174*k**2 - 50*k**2. What is p(-15)?
5
Let v(y) = 7*y**2 + 48*y**3 - 8*y**2 - 20*y**3 - 4*y - 27*y**3. Let g be v(-2). Let j(i) = i**3 + 3*i**2 - 5*i - 1. Calculate j(g).
3
Let y(b) be the first derivative of b**7/840 - 7*b**6/180 + b**5/5 - b**4/24 - 118*b**3/3 + 62. Let p(a) be the third derivative of y(a). What is p(12)?
-1
Let v be 24/(-21) - 1/(-7). Suppose -3*q - 18 = 2*t - t, -4*t = 4*q + 24. Let s(n) = 7*n - 6. Let b(r) = 15*r - 13. Let i(f) = q*b(f) + 13*s(f). What is i(v)?
-1
Suppose -2*m + 2*x = -2, -m + 11 = -2*x + 10. Let p(d) = 2*d**2. Let i(q) = 21*q**2 - 1. Let n(z) = m*i(z) - 3*p(z). What is n(1)?
14
Let l be (-380)/285 - 5/((-15)/22). Let x(p) = -p**2 + 4*p + 24. Determine x(l).
12
Suppose 5 - 3 = l. Let f = -38 - -40. Let d(y) = -f*y - y + y**l - 7*y + y. Calculate d(7).
-14
Let s = -156 + 15. Let h = 141 + s. Let q(n) = n**2 - 2*n - 2. Calculate q(h).
-2
Let g(q) = 13*q**3 + q. Let n(z) = 2*z**2 + z - 124. Let o(b) = -3*b**2 - 2*b + 186. Let y(u) = -8*n(u) - 5*o(u). Let a be y(9). Determine g(a).
-14
Suppose 3*f = s - 42, -2*s - 4*f = -s - 7. Let j(k) = 2*k - 58. Calculate j(s).
-4
Suppose 2*f + 2 = 3*f. Let l(d) = -3439*d - 2 - 3426*d + 6868*d + 1. What is l(f)?
5
Let i(u) = -u**3 - 11*u**2 + 13*u + 9. Suppose -9*m = -5*m + 4, m - 53 = -3*k. Let o be (-4)/k + (-3074)/261. Give i(o).
-3
Suppose 7*d + 3*d = -100. Let g(a) = a**2 + 10*a + 12. Calculate g(d).
12
Let x(o) = o**3 + 7*o**2 + 49*o + 356. Let b be x(-7). Let m(c) = -3*c**2 + 40*c + 2. Calculate m(b).
15
Let x(k) be the first derivative of -5*k**4/12 - k**3/3 + 69*k + 156. Let y(b) be the first derivative of x(b). Calculate y(1).
-7
Let g(d) = -4 - 4*d**2 - 7*d + 5*d**2 + 4. Let x be (1 - 27/12)*-4. Suppose -x*t + 3*n + 50 = 18, -4*n = -4. What is g(t)?
0
Let s be ((-2)/13 - 70/52)*4. Let t(w) = 13 + 11*w**2 + 44*w - 32*w**2 + 13*w**2 + 9*w**2 - 33*w. What is t(s)?
-17
Let u(d) = -19*d**2 - 5 + 12*d**2 - 11*d + 5*d + 3*d. Let z(i) = -4*i**2 - 2*i - 3. Let j(h) = -3*u(h) + 5*z(h). Calculate j(4).
12
Let n(y) be the first derivative of -y**4/2 - 10*y**3/3 - y**2 - 5*y - 49. Let l(b) = -b**3 - 5*b**2 - b - 2. Let j(x) = -5*l(x) + 2*n(x). What is j(-5)?
-5
Let b(u) = 7*u + 100. Let s be b(-14). Let g(d) = 15 - d**s - d + 2*d - 3 - 11. What is g(3)?
-5
Let d(o) = -o**3 - 5*o**2 + 13*o - 6. Let b = 390 - 389. Let t(w) = -8*w**2 - 3*w + 4. Let g be t(b). Calculate d(g).
1
Let p be ((-2)/12)/(14/84). Let t be (3/2)/(p/6). Let j(m) = -m**2 - 8*m. What is j(t)?
-9
Let g(j) = j + 7. Let o(d) be the first derivative of -d**4/4 - 8*d**3/3 - 8*d**2 + d + 103. Let u be o(-5). What is g(u)?
13
Let i be 3/(-2) + 69/322*7. Let c(w) = w + 59. What is c(i)?
59
Suppose f + 3*o = 12, -5*f - 4*o + 9 = -18. Suppose f = 3*j, 5*k + 34 = -2*j + 6*j. Let u be (4*3/18)/(4/k). Let b(n) = -4*n + 1. Give b(u).
5
Let k(t) = 11*t**2 + t - 5. Let f(l) = 2*l**2 - 1. Let q(u) = 6*f(u) - k(u). Let y(z) = z**3 - 12*z**2 + 13*z - 3. Let v(a) = -5*q(a) - y(a). Give v(6).
-4
Let w be (-1)/((-2)/(-2)) - 4. Let f be ((-2)/5*-1)/(w/25). Let u(q) = q**3 + 4*q**2 + 2. Calculate u(f).
10
Let z(j) be the second derivative of j**5/20 + j**4/3 - 11*j**3/6 - 10*j**2 + 665*j. Calculate z(-5).
10
Let h(y) = 4*y + 164. Let u be h(-40). Let n(p) = -5*p + 6. Give n(u).
-14
Suppose -3*x = -6*x - 27. Let h(t) be the second derivative of -t**4/12 - 7*t**3/6 + 11*t**2/2 + 5618*t. Give h(x).
-7
Let m be (-8)/(-9)*3*(-333)/148. Let l(i) = -17 + 9 - 3*i + 5. What is l(m)?
15
Suppose -8*v = 129 - 129. Suppose v*y - 13*y = -91. Let k(a) = -a**3 + 8*a**2 - 5*a - 8. Give k(y).
6
Let x(u) be the third derivative of u**6/360 - u**5/30 + 2*u**4 + u**2 + u. Let z(n) be the second derivative of x(n). What is z(3)?
2
Suppose -9*a = -10*a + 25. Suppose 21*c + 108 = a*c. Let d(y) = 0 - c*y - 26*y - 2 + 57*y - y**2. What is d(3)?
1
Let u(i) = -6 - 114*i - 9*i**2 + 3*i**2 + 4 + 120*i + 5*i**2. Let z(a) = -a + 0*a**3 + 0*a - a**3 + 4. Let t be z(0). Give u(t).
6
Let a(m) = m**2 + 17*m - 21. Let s(l) = -31*l - 1009. Let r be s(-32). Give a(r).
-21
Let z(i) = -9*i**2 + 2*i - 9. Let w(b) be the second derivative of 25*b**4/12 - 7*b**3/6 + 27*b**2/2 + 107*b. Let d(x) = 4*w(x) + 11*z(x). Calculate d(7).
16
Let p(j) = 7*j - 4. Let l(d) = d. Suppose -2*c - 6 = 4*g + 8, 0 = 4*g + 12. Suppose 0 = 2*y - 0 - 12. Let q(i) = c*p(i) + y*l(i). Determine q(-5).
9
Let c(s) = s**2 + s + 1. Suppose -20 = -a - 2*q - q, a + 12 = 5*q. Let h(j) = j + 3 + 11*j**3 - 10 + a + j**2. Let u(z) = -2*c(z) + h(z). Determine u(-1).
-12
Let s(b) = -42*b**2 + 151*b + 33. Let f(x) = 28*x**2 - 101*x - 21. Let m(r) = 8*f(r) + 5*s(r). Calculate m(4).
9
Let p be (-4)/(-6) + 308/(-21). Let x = -13 - p. Let b(r) be the first derivative of -11*r**2/2 - 751. Calculate b(x).
-11
Let v(a) be the first derivative of a**3/6 - 5*a**2/2 - 7*a + 5. Let b(q) be the first derivative of v(q). Let g be b(11). Let j(p) = 2*p. Give j(g).
12
Suppose -4*l - 12 = 5*q - 54, 0 = 5*q - l - 27. Suppose 0 = -2*d + 3 + 1. Let f(c) = 2*c + 1 + 6*c - 6 - c**d. Calculate f(q).
7
Suppose 0 = -4*l + 54*z - 59*z - 35, 2*l - 28 = 4*z. Let r(h) = h**3 - h**2 + h + 24. Calculate r(l).
24
Let c(z) = -z - 2. Let d be -24*((-20)/(-16))/(4/(-8)). Let b = d + -59. Let p(u) = 7*u**2 - 6*u + 2. Let r be p(b). Give c(r).
-5
Let r(f) = f**3 - 5*f**2 - 5*f + 8. Suppose 0 = v + 5*v + 708. Let h = v - -108. Let j be h/25 + (-32)/(-5). Give r(j).
14
Let n(r) = 8*r**2 - 1. Let t be (-230)/(-35) + 32/(-56) - 7. Determine n(t).
7
Let k be ((-1344)/(-40))/(-14)*10/(-4). Suppose -k*n + 65 = 47. Let u(q) = 4*q**2 - 2*q - 4. Calculate u(n).
26
Suppose -39*x = -27*x - 240. Suppose -5*t - 10 = -2*f, 4*t - 6*t + 4*f - x = 0. Let v(r) = -r**2 + r + 3. Determine v(t).
3
Let u = 7865 - 7863. Let h(c) = 6*c**3 + c**2 - 5*c + 1. Calculate h(u).
43
Suppose 9*o - 133 = 164. Suppose 0 = o*f + 300 - 3. Let k(c) = c + 3. Calculate k(f).
-6
Let z(m) = m**3 + 11*m**2. Let n be (8 - (-4 - -44)/5) + -11. What is z(n)?
0
Suppose -2*o - 3 = o. Let t be o + (-13)/((-91)/(-28)). Let v(c) = -5*c - 5. Give v(t).
20
Let o(h) = 2*h**2 + 4*h - 36. Let m be o(6). Suppose -3*q = -3*i + 189, 4*i = -i - 4*q + 342. Let s = i - m. Let f(p) = -p**2 + 7*p - 1. Calculate f(s).
5
Suppose -205 = -0*h - 5*h. Let p = h - 36. Let x(n) = -2*n**2 - 14*n + 3. Let v(d) = 5*d**2 + 39*d - 9. Let k(r) = 3*v(r) + 8*x(r). Determine k(p).
-3
Let b(l) be the third derivative of 41*l**4/12 + 7*l**3/6 - 16084*l**2. Determine b(-1).
-75
Let o(t) = -t**2 - 31*t - 91. Suppose -808*b = -727*b + 2268. Give o(b).
-7
Suppose y - 16 = -14. Let a = 9 - 3. Let q(v) = -15*v**2 + 10*v**y - 1 - v**3 + 2*v**3 - a*v. Give q(6).
-1
Let d = -6634 + 6628. Let w(i) = 7*i + 40. Calculate w(d).
-2
Let k = 714 + -705. Let n(w) = k*w + 4 - 9*w + 3*w + 5*w + 5*w. Calculate n(-1).
-9
Let a(u) = 7*u + 8. Let t be ((-29)/87)/(2/(-30)). Let m(b) be the second derivative of b**3/2 + 2*b**2 - b. Let z(h) = t*m(h) - 2*a(h). Determine z(3).
7
Let v(r) = 8*r - 24 + 23*r - 2*r**2 + 34 - 24*r + 0*r**2. Give v(5).
-5
Let q(l) = -l**2 + 21*l - 98. Let h be q(13). Let y be -4 + (h - 4) - -9. Let x(o) = o**3 - 7*o**2 - 5*o + 9. Give x(y).
-26
Suppose -155*d - 148*d = -345*d + 84. Let r(j) = -5*j**3 - 5*j**2 + 6*j - 21. Let z(k) = -k**3 - k**2 + k - 4. Let c(i) = 2*r(i) - 11*z(i). What is c(d)?
16
Let o be (2 + -3)/(72/(-504)). Let u(k) = -k**3 + 4*k**2 + 12*k + 15. Determine u(o).
-48
Let t(i) = -5*i - 11. Let g be t(-9). Let l(r) = 13 + 5*r - g + 12 + 7. Calculate l(2).
8
Let u be 4 + 0 + (-14)/7. Let s(d) = -3*d**2 + 2*d - 6*d - 4*d**3 + 1 + 3*d**3 + 0*d**2 - 2*d**u. Give s(-3).
-5
Let g(b) = -3*b + 66. Let o = -1438 - -1458. What is g(o)?
6
Let l(q) = 24*q - 29. L